ds digit of 4681172?
8
What is the ten thousands digit of 84173?
8
What is the thousands digit of 34051?
4
What is the millions digit of 1314058?
1
What is the hundreds digit of 32505?
5
What is the tens digit of 2947630?
3
What is the ten millions digit of 39876425?
3
What is the units digit of 1782661?
1
What is the units digit of 5145891?
1
What is the hundred thousands digit of 164183?
1
What is the units digit of 587927?
7
What is the millions digit of 4692388?
4
What is the thousands digit of 3296703?
6
What is the millions digit of 24578537?
4
What is the thousands digit of 1348714?
8
What is the ten thousands digit of 245776?
4
What is the units digit of 4795342?
2
What is the tens digit of 136799?
9
What is the ten thousands digit of 11758947?
5
What is the ten thousands digit of 314402?
1
What is the tens digit of 432577?
7
What is the tens digit of 1404410?
1
What is the hundred thousands digit of 276435?
2
What is the hundred thousands digit of 15688624?
6
What is the millions digit of 19951733?
9
What is the hundred thousands digit of 2487832?
4
What is the ten millions digit of 11130163?
1
What is the tens digit of 861051?
5
What is the thousands digit of 1932942?
2
What is the units digit of 6223852?
2
What is the ten thousands digit of 920524?
2
What is the hundreds digit of 1098978?
9
What is the hundred thousands digit of 1107714?
1
What is the thousands digit of 660551?
0
What is the tens digit of 303911?
1
What is the units digit of 353237?
7
What is the hundreds digit of 277965?
9
What is the units digit of 1167975?
5
What is the hundred thousands digit of 2928904?
9
What is the ten thousands digit of 3770493?
7
What is the hundreds digit of 11603?
6
What is the ten millions digit of 30369593?
3
What is the hundreds digit of 988767?
7
What is the hundreds digit of 49569?
5
What is the ten thousands digit of 2040804?
4
What is the tens digit of 424705?
0
What is the ten thousands digit of 564582?
6
What is the ten thousands digit of 2210344?
1
What is the hundreds digit of 242022?
0
What is the thousands digit of 18370992?
0
What is the hundred thousands digit of 332529?
3
What is the units digit of 1660498?
8
What is the thousands digit of 224635?
4
What is the hundreds digit of 64729?
7
What is the hundred thousands digit of 153669?
1
What is the hundreds digit of 380296?
2
What is the ten thousands digit of 3163914?
6
What is the ten thousands digit of 20689?
2
What is the hundreds digit of 6960549?
5
What is the tens digit of 29297015?
1
What is the thousands digit of 421865?
1
What is the tens digit of 4812296?
9
What is the thousands digit of 5039092?
9
What is the tens digit of 905760?
6
What is the hundred thousands digit of 3427222?
4
What is the ten thousands digit of 22271?
2
What is the millions digit of 20096923?
0
What is the tens digit of 278205?
0
What is the hundreds digit of 48602?
6
What is the millions digit of 10822317?
0
What is the hundred thousands digit of 4313790?
3
What is the tens digit of 8636059?
5
What is the ten thousands digit of 1512452?
1
What is the thousands digit of 6312578?
2
What is the units digit of 396962?
2
What is the tens digit of 48968?
6
What is the hundred thousands digit of 296165?
2
What is the hundred thousands digit of 11998659?
9
What is the units digit of 2198131?
1
What is the units digit of 209683?
3
What is the thousands digit of 480399?
0
What is the thousands digit of 22927359?
7
What is the hundred thousands digit of 354432?
3
What is the units digit of 365726?
6
What is the tens digit of 836355?
5
What is the ten thousands digit of 3530017?
3
What is the tens digit of 485030?
3
What is the hundreds digit of 639020?
0
What is the tens digit of 307638?
3
What is the thousands digit of 20346446?
6
What is the thousands digit of 335979?
5
What is the units digit of 939116?
6
What is the tens digit of 9694733?
3
What is the tens digit of 6594680?
8
What is the units digit of 2359722?
2
What is the thousands digit of 9316333?
6
What is the thousands digit of 118765?
8
What is the hundred thousands digit of 828811?
8
What is the tens digit of 188201?
0
What is the ten millions digit of 11137718?
1
What is the thousands digit of 25438796?
8
What is the thousands digit of 1668638?
8
What is the thousands digit of 465357?
5
What is the ten thousands digit of 302876?
0
What is the ten thousands digit of 24656071?
5
What is the tens digit of 119386?
8
What is the thousands digit of 9886631?
6
What is the hundred thousands digit of 299735?
2
What is the hundreds digit of 75054?
0
What is the tens digit of 390547?
4
What is the thousands digit of 79499?
9
What is the tens digit of 2941599?
9
What is the tens digit of 969871?
7
What is the thousands digit of 993460?
3
What is the units digit of 2325729?
9
What is the hundreds digit of 74894?
8
What is the units digit of 13886084?
4
What is the hundred thousands digit of 2931442?
9
What is the tens digit of 6901017?
1
What is the hundred thousands digit of 15171970?
1
What is the tens digit of 1759739?
3
What is the millions digit of 3102336?
3
What is the units digit of 286292?
2
What is the units digit of 389782?
2
What is the ten thousands digit of 70899?
7
What is the hundred thousands digit of 949091?
9
What is the thousands digit of 4484500?
4
What is the units digit of 4081?
1
What is the ten thousands digit of 1112251?
1
What is the hundred thousands digit of 198080?
1
What is the units digit of 432830?
0
What is the tens digit of 369571?
7
What is the hundreds digit of 75869?
8
What is the ten thousands digit of 1395541?
9
What is the hundred thousands digit of 153872?
1
What is the hundreds digit of 5104861?
8
What is the units digit of 1059600?
0
What is the thousands digit of 438787?
8
What is the tens digit of 3632766?
6
What is the thousands digit of 2627936?
7
What is the hundred thousands digit of 164772?
1
What is the hundred thousands digit of 203347?
2
What is the hundred thousands digit of 9988771?
9
What is the units digit of 100980?
0
What is the ten thousands digit of 308064?
0
What is the hundreds digit of 1563261?
2
What is the hundred thousands digit of 108499?
1
What is the ten millions digit of 28132543?
2
What is the thousands digit of 22183?
2
What is the thousands digit of 855754?
5
What is the tens digit of 218569?
6
What is the thousands digit of 7838113?
8
What is the units digit of 219944?
4
What is the tens digit of 419092?
9
What is the tens digit of 863854?
5
What is the hundreds digit of 1065838?
8
What is the ten thousands digit of 39463?
3
What is the hundred thousands digit of 1008347?
0
What is the thousands digit of 20214984?
4
What is the thousands digit of 82549?
2
What is the thousands digit of 189621?
9
What is the units digit of 25969?
9
What is the thousands digit of 5161797?
1
What is the ten thousands digit of 19694?
1
What is the units digit of 10784594?
4
What is the units digit of 1925560?
0
What is the thousands digit of 57046?
7
What is the units digit of 1213406?
6
What is the ten thousands digit of 5613110?
1
What is the hundreds digit of 7535912?
9
What is the millions digit of 5371607?
5
What is the hundreds digit of 299637?
6
What is the hundreds digit of 1922146?
1
What is the hundreds digit of 356933?
9
What is the hundred thousands digit of 1803871?
8
What is the tens digit of 27887?
8
What is the thousands digit of 24541?
4
What is the hundred thousands digit of 424939?
4
What is the ten thousands digit of 17337?
1
What is the tens digit of 320067?
6
What is the ten thousands digit of 16217666?
1
What is the units digit of 12459977?
7
What is the thousands digit of 11229301?
9
What is the units digit of 112230?
0
What is the tens digit of 1016530?
3
What is the thousands digit of 2189111?
9
What is the hundreds digit of 38642?
6
What is the hundred thousands digit of 393337?
3
What is the ten thousands digit of 635020?
3
What is the tens digit of 101614?
1
What is the hundred thousands digit of 224163?
2
What is the tens digit of 417050?
5
What is the millions digit of 3185514?
3
What is the hundred thousands digit of 1171209?
1
What is the tens digit of 41886?
8
What is the hundreds digit of 1390573?
5
What is the millions digit of 2156021?
2
What is the ten